{"id":851,"date":"2021-08-11T14:07:24","date_gmt":"2021-08-11T12:07:24","guid":{"rendered":"https:\/\/www.canaille.eu\/shop\/?post_type=product&#038;p=851"},"modified":"2021-08-11T14:09:05","modified_gmt":"2021-08-11T12:09:05","slug":"tonic-concombre-hysope-20-cl","status":"publish","type":"product","link":"https:\/\/www.canaille.eu\/shop\/product\/tonic-concombre-hysope-20-cl\/","title":{"rendered":"TONIC Concombre &#8211; Hysope (20 cl.)"},"content":{"rendered":"<p class=\"p1\"><b>Hysope est le fruit du savoir-faire Fran\u00e7ais, les ar\u00f4mes naturels sont produits par les meilleurs ar\u00f4maticiens du monde \u00e0 Grasse, capitale du parfum, l&#8217;embouteillage est r\u00e9alis\u00e9 au coeur de la Spirit Valley pr\u00e8s de Cognac.<\/b><\/p>\n<p>&nbsp;<\/p>\n<p class=\"p1\">Le tonic au concombre est d\u2019une fra\u00eecheur incroyable et d\u2019une rondeur tr\u00e8s subtile.<br \/>\nEn buvant notre Eau Tonique au Concombre, vous aurez l\u2019impression de croquer \u00e0 m\u00eame le concombre.<\/p>\n<p class=\"p1\">Connu pour accompagner \u00e0 merveille le Gin Tonic, le concombre att\u00e9nue l\u2019amertume du gen\u00e9vrier pr\u00e9sent dans le Gin<\/p>\n<p>Le parfait \u201cSummer Drink\u201d !<\/p>\n<p class=\"p1\">\n","protected":false},"excerpt":{"rendered":"<p class=\"p1\"><b>Hysope est le fruit du savoir-faire Fran\u00e7ais, les ar\u00f4mes naturels sont produits par les meilleurs ar\u00f4maticiens du monde \u00e0 Grasse, capitale du parfum, l&#8217;embouteillage est r\u00e9alis\u00e9 au coeur de la Spirit Valley pr\u00e8s de Cognac.<\/b><\/p>\n<p>&nbsp;<\/p>\n<p class=\"p1\">Le tonic au concombre est d\u2019une fra\u00eecheur incroyable et d\u2019une rondeur tr\u00e8s subtile.<br \/>\nEn buvant notre Eau Tonique au Concombre, vous aurez l\u2019impression de croquer \u00e0 m\u00eame le concombre.<\/p>\n<p class=\"p1\">Connu pour accompagner \u00e0 merveille le Gin Tonic, le concombre att\u00e9nue l\u2019amertume du gen\u00e9vrier pr\u00e9sent dans le Gin<\/p>\n<p>Le parfait \u201cSummer Drink\u201d !<\/p>\n<p class=\"p1\">\n","protected":false},"featured_media":843,"template":"","meta":{"_seopress_robots_primary_cat":"none","spay_email":""},"product_cat":[24,16],"product_tag":[],"_links":{"self":[{"href":"https:\/\/www.canaille.eu\/shop\/wp-json\/wp\/v2\/product\/851"}],"collection":[{"href":"https:\/\/www.canaille.eu\/shop\/wp-json\/wp\/v2\/product"}],"about":[{"href":"https:\/\/www.canaille.eu\/shop\/wp-json\/wp\/v2\/types\/product"}],"wp:featuredmedia":[{"embeddable":true,"href":"https:\/\/www.canaille.eu\/shop\/wp-json\/wp\/v2\/media\/843"}],"wp:attachment":[{"href":"https:\/\/www.canaille.eu\/shop\/wp-json\/wp\/v2\/media?parent=851"}],"wp:term":[{"taxonomy":"product_cat","embeddable":true,"href":"https:\/\/www.canaille.eu\/shop\/wp-json\/wp\/v2\/product_cat?post=851"},{"taxonomy":"product_tag","embeddable":true,"href":"https:\/\/www.canaille.eu\/shop\/wp-json\/wp\/v2\/product_tag?post=851"}],"curies":[{"name":"wp","href":"https:\/\/api.w.org\/{rel}","templated":true}]}}