{"id":849,"date":"2021-08-11T14:05:29","date_gmt":"2021-08-11T12:05:29","guid":{"rendered":"https:\/\/www.canaille.eu\/shop\/?post_type=product&#038;p=849"},"modified":"2021-08-11T14:07:15","modified_gmt":"2021-08-11T12:07:15","slug":"tonic-sureau-hysope-20-cl","status":"publish","type":"product","link":"https:\/\/www.canaille.eu\/shop\/product\/tonic-sureau-hysope-20-cl\/","title":{"rendered":"TONIC Sureau &#8211; Hysope (20 cl.)"},"content":{"rendered":"<p class=\"p1\"><b>Hysope est le fruit du savoir-faire Fran\u00e7ais, les ar\u00f4mes naturels sont produits par les meilleurs ar\u00f4maticiens du monde \u00e0 Grasse, capitale du parfum, l&#8217;embouteillage est r\u00e9alis\u00e9 au coeur de la Spirit Valley pr\u00e8s de Cognac.<\/b><\/p>\n<p>&nbsp;<\/p>\n<p class=\"p1\">La Fleur de Sureau apporte une sucrosit\u00e9 tr\u00e8s subtile et herbac\u00e9e \u00e0 notre tonic.<\/p>\n<p class=\"p1\">Parfait pour accompagner Spritz, Gin et Cognac, la Fleur de Sureau ou Elderflower, r\u00e9v\u00e8le des senteurs de fleurs blanches, des touches miell\u00e9es et une douceur longue en bouche.<\/p>\n<p class=\"p1\">\n","protected":false},"excerpt":{"rendered":"<p class=\"p1\"><b>Hysope est le fruit du savoir-faire Fran\u00e7ais, les ar\u00f4mes naturels sont produits par les meilleurs ar\u00f4maticiens du monde \u00e0 Grasse, capitale du parfum, l&#8217;embouteillage est r\u00e9alis\u00e9 au coeur de la Spirit Valley pr\u00e8s de Cognac.<\/b><\/p>\n<p>&nbsp;<\/p>\n<p class=\"p1\">La Fleur de Sureau apporte une sucrosit\u00e9 tr\u00e8s subtile et herbac\u00e9e \u00e0 notre tonic.<\/p>\n<p class=\"p1\">Parfait pour accompagner Spritz, Gin et Cognac, la Fleur de Sureau ou Elderflower, r\u00e9v\u00e8le des senteurs de fleurs blanches, des touches miell\u00e9es et une douceur longue en bouche.<\/p>\n<p class=\"p1\">\n","protected":false},"featured_media":844,"template":"","meta":{"_seopress_robots_primary_cat":"none","spay_email":""},"product_cat":[24,16],"product_tag":[],"_links":{"self":[{"href":"https:\/\/www.canaille.eu\/shop\/wp-json\/wp\/v2\/product\/849"}],"collection":[{"href":"https:\/\/www.canaille.eu\/shop\/wp-json\/wp\/v2\/product"}],"about":[{"href":"https:\/\/www.canaille.eu\/shop\/wp-json\/wp\/v2\/types\/product"}],"wp:featuredmedia":[{"embeddable":true,"href":"https:\/\/www.canaille.eu\/shop\/wp-json\/wp\/v2\/media\/844"}],"wp:attachment":[{"href":"https:\/\/www.canaille.eu\/shop\/wp-json\/wp\/v2\/media?parent=849"}],"wp:term":[{"taxonomy":"product_cat","embeddable":true,"href":"https:\/\/www.canaille.eu\/shop\/wp-json\/wp\/v2\/product_cat?post=849"},{"taxonomy":"product_tag","embeddable":true,"href":"https:\/\/www.canaille.eu\/shop\/wp-json\/wp\/v2\/product_tag?post=849"}],"curies":[{"name":"wp","href":"https:\/\/api.w.org\/{rel}","templated":true}]}}